{"id":2653,"date":"2021-10-08T13:35:05","date_gmt":"2021-10-08T11:35:05","guid":{"rendered":"https:\/\/daj-szanse.eu\/?page_id=2653"},"modified":"2021-10-08T13:35:05","modified_gmt":"2021-10-08T11:35:05","slug":"xv-edycja-zaczka-2020-2021","status":"publish","type":"page","link":"https:\/\/daj-szanse.eu\/?page_id=2653","title":{"rendered":"XV edycja &#8222;\u017baczka&#8221; 2020\/2021"},"content":{"rendered":"<p><strong>Stypendy\u015bci Programu \u201e\u017baczek\u201d na rok szkolny 2020\/2021:<\/strong><\/p>\n<table>\n<tbody>\n<tr>\n<td>1<\/td>\n<td><strong>Bolechowska Izabela<\/strong><\/td>\n<td>ZST-M<\/td>\n<\/tr>\n<tr>\n<td>2<\/td>\n<td><strong>Czarnota Katarzyna<\/strong><\/td>\n<td>I LO<\/td>\n<\/tr>\n<tr>\n<td>3<\/td>\n<td><strong>G\u0105ska Aleksandra<\/strong><\/td>\n<td>I LO<\/td>\n<\/tr>\n<tr>\n<td>4<\/td>\n<td><strong>G\u0142ady\u015b Maria<\/strong><\/td>\n<td>I LO<\/td>\n<\/tr>\n<tr>\n<td>5<\/td>\n<td><strong>Gralec Anita<\/strong><\/td>\n<td>I LO<\/td>\n<\/tr>\n<tr>\n<td>6<\/td>\n<td><strong>Jarosz Oliwia<\/strong><\/td>\n<td>I LO<\/td>\n<\/tr>\n<tr>\n<td>7<\/td>\n<td><strong>Karpeta Aleksandra<\/strong><\/td>\n<td>ZSE<\/td>\n<\/tr>\n<tr>\n<td>8<\/td>\n<td><strong>Kasprowicz Igor<\/strong><\/td>\n<td>I LO<\/td>\n<\/tr>\n<tr>\n<td>9<\/td>\n<td><strong>Kr\u0119cisz Karolina<\/strong><\/td>\n<td>ZSE<\/td>\n<\/tr>\n<tr>\n<td>10<\/td>\n<td><strong>Lelonek Zuzanna<\/strong><\/td>\n<td>I LO<\/td>\n<\/tr>\n<tr>\n<td>11<\/td>\n<td><strong>Maciejczak Katarzyna<\/strong><\/td>\n<td>ZSE<\/td>\n<\/tr>\n<tr>\n<td>12<\/td>\n<td><strong>Paw\u0142owska Martyna<\/strong><\/td>\n<td>I LO<\/td>\n<\/tr>\n<tr>\n<td>13<\/td>\n<td><strong>Przeworska Patrycja<\/strong><\/td>\n<td>ZSE<\/td>\n<\/tr>\n<tr>\n<td>14<\/td>\n<td><strong>Ro\u017cek Natalia<\/strong><\/td>\n<td>ZSE<\/td>\n<\/tr>\n<tr>\n<td>15<\/td>\n<td><strong>Soko\u0142owska Julia<\/strong><\/td>\n<td>II LO<\/td>\n<\/tr>\n<\/tbody>\n<\/table>\n<p><img loading=\"lazy\" class=\"\" src=\"http:\/\/daj-szanse.eu\/wp-content\/uploads\/stypendia2021-2.jpg\" width=\"597\" height=\"398\" \/><\/p>\n<p><img loading=\"lazy\" class=\"\" src=\"http:\/\/daj-szanse.eu\/wp-content\/uploads\/stypendia2021-3.jpg\" width=\"596\" height=\"397\" \/><\/p>\n","protected":false},"excerpt":{"rendered":"<p>Stypendy\u015bci Programu \u201e\u017baczek\u201d na rok szkolny 2020\/2021: 1 Bolechowska Izabela ZST-M 2 Czarnota Katarzyna I LO 3 G\u0105ska Aleksandra I LO 4 G\u0142ady\u015b Maria I LO 5 Gralec Anita I LO 6 Jarosz Oliwia I LO 7 Karpeta Aleksandra ZSE 8 Kasprowicz Igor I LO 9 Kr\u0119cisz Karolina ZSE 10 Lelonek Zuzanna I LO 11 [&hellip;]<\/p>\n","protected":false},"author":1,"featured_media":0,"parent":0,"menu_order":0,"comment_status":"closed","ping_status":"closed","template":"","meta":[],"_links":{"self":[{"href":"https:\/\/daj-szanse.eu\/index.php?rest_route=\/wp\/v2\/pages\/2653"}],"collection":[{"href":"https:\/\/daj-szanse.eu\/index.php?rest_route=\/wp\/v2\/pages"}],"about":[{"href":"https:\/\/daj-szanse.eu\/index.php?rest_route=\/wp\/v2\/types\/page"}],"author":[{"embeddable":true,"href":"https:\/\/daj-szanse.eu\/index.php?rest_route=\/wp\/v2\/users\/1"}],"replies":[{"embeddable":true,"href":"https:\/\/daj-szanse.eu\/index.php?rest_route=%2Fwp%2Fv2%2Fcomments&post=2653"}],"version-history":[{"count":2,"href":"https:\/\/daj-szanse.eu\/index.php?rest_route=\/wp\/v2\/pages\/2653\/revisions"}],"predecessor-version":[{"id":2655,"href":"https:\/\/daj-szanse.eu\/index.php?rest_route=\/wp\/v2\/pages\/2653\/revisions\/2655"}],"wp:attachment":[{"href":"https:\/\/daj-szanse.eu\/index.php?rest_route=%2Fwp%2Fv2%2Fmedia&parent=2653"}],"curies":[{"name":"wp","href":"https:\/\/api.w.org\/{rel}","templated":true}]}}