{"id":2373,"date":"2020-09-18T10:48:20","date_gmt":"2020-09-18T08:48:20","guid":{"rendered":"http:\/\/daj-szanse.eu\/?page_id=2373"},"modified":"2024-02-01T12:36:22","modified_gmt":"2024-02-01T11:36:22","slug":"darczyncy","status":"publish","type":"page","link":"https:\/\/daj-szanse.eu\/?page_id=2373","title":{"rendered":"Darczy\u0144cy"},"content":{"rendered":"<p><span style=\"color: #000080; font-family: arial, helvetica, sans-serif; font-size: 14pt;\"><strong>Wp\u0142aty 1 %<\/strong> <\/span><\/p>\n<p><span style=\"font-family: arial, helvetica, sans-serif;\">za 2017 rok 22.630,90 z\u0142<\/span><\/p>\n<p><span style=\"font-family: arial, helvetica, sans-serif;\">za 2018 rok 23.554,10 z\u0142<\/span><\/p>\n<p><span style=\"font-family: arial, helvetica, sans-serif;\">za 2019 rok 14.366,60 z\u0142<\/span><\/p>\n<p><span style=\"font-family: arial, helvetica, sans-serif;\">za 2020 rok 15.183,30 z\u0142<\/span><\/p>\n<p>za 2021 rok 21.417, 10 z\u0142<\/p>\n<p>za 2022 rok 23.744,50 z\u0142<\/p>\n<p><span style=\"color: #000080;\"><strong><span style=\"font-family: arial, helvetica, sans-serif; font-size: 14pt;\">Indywidualni Darczy\u0144cy<\/span><\/strong><\/span><\/p>\n<p><span style=\"color: #993300;\"><strong>Fundatorzy uhonorowani najwy\u017cszym wyr\u00f3\u017cnieniem Siewca Dobra za wp\u0142aty powy\u017cej 12.000 z\u0142<\/strong><\/span><\/p>\n<p>Bo\u017cena B\u0119tkowska<\/p>\n<p>Katarzyna Bilska<\/p>\n<p>Magdalena Grzmil<\/p>\n<p>Anna Le\u017ca\u0144ska<\/p>\n<p>Ewa Nowakowska<\/p>\n<p>Szymon Nowakowski<\/p>\n<p>Ewa Wojteczek<\/p>\n<p>Karolina Wojteczek<\/p>\n<p>Leszek Wojteczek<\/p>\n<p>Tomasz Wojteczek<\/p>\n<p><span style=\"color: #993300;\"><strong>Fundatorzy uhonorowani Z\u0142otym Sercem za wp\u0142aty powy\u017cej 5.000 z\u0142<\/strong><\/span><\/p>\n<p>Tadeusz Ba\u0142chanowski<\/p>\n<p>Artur Berus<\/p>\n<p>Bartosz B\u0119tkowski<\/p>\n<p>Renata Bilska<\/p>\n<p>Jan Gajda<\/p>\n<p>Krystyna G\u00f3rna\u015b-Salata<\/p>\n<p>Jan Janiec<\/p>\n<p>Jacek Je\u017cyk<\/p>\n<p>Halina Karpi\u0144ska<\/p>\n<p>Zdzis\u0142aw Kobierski<\/p>\n<p>Krzysztof Ligowski<\/p>\n<p>Grzegorz Ma\u0142kus<\/p>\n<p>Szymon Nowakowski<\/p>\n<p>\u0141ukasz Wojteczek<\/p>\n<p>Jerzy \u017bmijewski<\/p>\n<p><span style=\"color: #993300;\"><strong>Fundatorzy uhonorowani Brylantowym Kr\u0119giem Fundator\u00f3w za wp\u0142aty powy\u017cej 3.000 z\u0142<\/strong><\/span><\/p>\n<p>Piotr Brzezi\u0144ski<\/p>\n<p>Adam Ciok<\/p>\n<p>Agnieszka Dr\u00f3zd<\/p>\n<p>Krystyna G\u00f3rna\u015b &#8211; Salata<\/p>\n<p>Barbara Kocia<\/p>\n<p>Bogus\u0142awa Krawczy\u0144ska<\/p>\n<p>Pawe\u0142 Krupa<\/p>\n<p>Zbigniew Miernik<\/p>\n<p>Bogumi\u0142a Nizio\u0142ek<\/p>\n<p>Mieczys\u0142aw Sadza<\/p>\n<p>Pawe\u0142 W\u0119\u017cyk<\/p>\n<p>Roman Wojcieszek<\/p>\n<p><span style=\"color: #993300;\"><strong>Fundatorzy uhonorowani Platynowym Kr\u0119giem Fundator\u00f3w za wp\u0142aty od 2.001 do 3.000 z\u0142<\/strong><\/span><\/p>\n<p>Zofia i Tadeusz Andrzejewscy<\/p>\n<p>Mariusz Bodo<\/p>\n<p>Janusz Borowiec<\/p>\n<p>Zofia Chrz\u0119szczyk<\/p>\n<p>Janusz Ko\u0142odziej<\/p>\n<p>Maria i Cyryl Kowalikowie<\/p>\n<p>Ma\u0142gorzata Kwiatkowska<\/p>\n<p>Krystyna i January Lewandowscy<\/p>\n<p>Teresa Smulczy\u0144ska<\/p>\n<p><span style=\"color: #993300;\"><strong>Fundatorzy uhonorowani Z\u0142otym Kr\u0119giem Fundator\u00f3w za wp\u0142aty od 1.501 do 2.000 z\u0142<\/strong><\/span><\/p>\n<p>Eugeniusz Cicho\u0144<\/p>\n<p>Adam M\u0142odawski<\/p>\n<p>Tadeusz Szczepa\u0144ski<\/p>\n<p>Urszula Wrona<\/p>\n<p><span style=\"color: #993300;\"><strong>Fundatorzy uhonorowani Srebrnym Kr\u0119giem Fundator\u00f3w za wp\u0142aty od 1.001 do 1.500 z\u0142<\/strong><\/span><\/p>\n<p>Arkadiusz Bogucki<\/p>\n<p>Ireneusz G\u00f3rlicki<\/p>\n<p>Monika Mianowska<\/p>\n<p>Micha\u0142 Ok\u0142a<\/p>\n<p>Janusz Paczesny<\/p>\n<p>Urszula Piotrowska<\/p>\n<p>Konrad Ryszka<\/p>\n<p>El\u017cbieta Skorupska<\/p>\n<p>Stanis\u0142aw Surowski<\/p>\n<p>Piotr Zalega<\/p>\n<p><span style=\"color: #993300;\"><strong>Fundatorzy uhonorowani Br\u0105zowym Kr\u0119giem Fundator\u00f3w za wp\u0142aty od 501 do 1.000 z\u0142<\/strong><\/span><\/p>\n<p>Jacek Banaszczyk<\/p>\n<p>Andrzej B\u0119tkowski<\/p>\n<p>Bogus\u0142aw Ciok<\/p>\n<p>Cezary Ciosk<\/p>\n<p>Jerzy Dubiel<\/p>\n<p>Jolanta i Janusz Garbalowie<\/p>\n<p>Maciej Garbala<\/p>\n<p>Stanis\u0142aw G\u0142owacki<\/p>\n<p>Maria Grzmil<\/p>\n<p>Miros\u0142aw Izdebski<\/p>\n<p>Irmina Rek &#8211; Izdebska<\/p>\n<p>Ryszard Krakowiak<\/p>\n<p>Konrad Kr\u00f6nig<\/p>\n<p>Waldemar Mazur<\/p>\n<p>Pawe\u0142 Pawlak<\/p>\n<p>Franciszek Pietrusiewicz<\/p>\n<p>W\u0142adys\u0142aw Poche\u0107<\/p>\n<p>Konrad Sok\u00f3\u0142<\/p>\n<p>Wies\u0142aw St\u0119pie\u0144<\/p>\n<p>Ireneusz Syryjczyk<\/p>\n<p>Marianna \u015alusarczyk<\/p>\n<p>Adolf Walkowiak<\/p>\n<p>Stanis\u0142aw Zi\u00f3\u0142kowski<\/p>\n<p><span style=\"color: #800000;\"><strong>Certyfikat Dobroczynno\u015bci dla firm i instytucji, kt\u00f3re wspieraj\u0105 dzia\u0142alno\u015b\u0107 Fundacji<\/strong><\/span><\/p>\n<p>WT\u00d3RPOL<\/p>\n<p>Bank Sp\u00f3\u0142dzielczy Suchedni\u00f3w<\/p>\n<p>Mesko S.A<\/p>\n<p>Miejskie Przedsi\u0119biorstwo Wodoci\u0105g\u00f3w i Kanalizacji sp. z o.o. w Skar\u017cysku &#8211; Kamiennej<\/p>\n<p>EPP Sp. z o.o.<\/p>\n<p>PGE Polska Grupa Energetyczna oddzia\u0142 w Skar\u017cysku &#8211; Kamiennej<\/p>\n<p>Firma PEPCO<\/p>\n","protected":false},"excerpt":{"rendered":"<p>Wp\u0142aty 1 % za 2017 rok 22.630,90 z\u0142 za 2018 rok 23.554,10 z\u0142 za 2019 rok 14.366,60 z\u0142 za 2020 rok 15.183,30 z\u0142 za 2021 rok 21.417, 10 z\u0142 za 2022 rok 23.744,50 z\u0142 Indywidualni Darczy\u0144cy Fundatorzy uhonorowani najwy\u017cszym wyr\u00f3\u017cnieniem Siewca Dobra za wp\u0142aty powy\u017cej 12.000 z\u0142 Bo\u017cena B\u0119tkowska Katarzyna Bilska Magdalena Grzmil Anna Le\u017ca\u0144ska [&hellip;]<\/p>\n","protected":false},"author":1,"featured_media":0,"parent":0,"menu_order":0,"comment_status":"closed","ping_status":"closed","template":"","meta":[],"_links":{"self":[{"href":"https:\/\/daj-szanse.eu\/index.php?rest_route=\/wp\/v2\/pages\/2373"}],"collection":[{"href":"https:\/\/daj-szanse.eu\/index.php?rest_route=\/wp\/v2\/pages"}],"about":[{"href":"https:\/\/daj-szanse.eu\/index.php?rest_route=\/wp\/v2\/types\/page"}],"author":[{"embeddable":true,"href":"https:\/\/daj-szanse.eu\/index.php?rest_route=\/wp\/v2\/users\/1"}],"replies":[{"embeddable":true,"href":"https:\/\/daj-szanse.eu\/index.php?rest_route=%2Fwp%2Fv2%2Fcomments&post=2373"}],"version-history":[{"count":10,"href":"https:\/\/daj-szanse.eu\/index.php?rest_route=\/wp\/v2\/pages\/2373\/revisions"}],"predecessor-version":[{"id":3109,"href":"https:\/\/daj-szanse.eu\/index.php?rest_route=\/wp\/v2\/pages\/2373\/revisions\/3109"}],"wp:attachment":[{"href":"https:\/\/daj-szanse.eu\/index.php?rest_route=%2Fwp%2Fv2%2Fmedia&parent=2373"}],"curies":[{"name":"wp","href":"https:\/\/api.w.org\/{rel}","templated":true}]}}