{"id":117,"date":"2011-12-01T20:18:04","date_gmt":"2011-12-01T19:18:04","guid":{"rendered":"http:\/\/wezu.hostdmk.net\/dajszanse_n\/?page_id=117"},"modified":"2020-08-10T09:55:18","modified_gmt":"2020-08-10T07:55:18","slug":"statut-fundacji-daj-szanse","status":"publish","type":"page","link":"https:\/\/daj-szanse.eu\/?page_id=117","title":{"rendered":"Statut Fundacji"},"content":{"rendered":"<p><strong>STATUT FUNDACJI \u201eDAJ SZANS\u0118\u201d<\/strong><br \/>\n<strong>w Skar\u017cysku &#8211; Kamiennej<\/strong><br \/>\n<strong>Rozdzia\u0142 I<\/strong><br \/>\n<strong>Postanowienia og\u00f3lne<\/strong><br \/>\n\u00a7 1<br \/>\nFundacja \u201eDAJ SZANS\u0118\u201d zwana w dalszej cz\u0119\u015bci statutu \u201eFUNDACJ\u0104\u201d ustanowiona zosta\u0142a aktem notarialnym Rep A nr 7794\/1999 z dnia 30 grudnia 1999 r. w Kancelarii Notarialnej w Skar\u017cysku &#8211; Kamiennej. Fundacja dzia\u0142a w oparciu o przepisy ustawy z dnia 6 kwietnia 1984 r. o fundacjach (Dz. U. Nr 46 z 1991 r. poz. 203) oraz postanowienia niniejszego Statutu.<br \/>\n\u00a7 2<br \/>\nFundacja posiada osobowo\u015b\u0107 prawn\u0105.<br \/>\n\u00a7 3<br \/>\nFundacja pos\u0142uguje si\u0119 piecz\u0119ci\u0105 z nazw\u0105 Fundacji.<br \/>\n\u00a7 4<br \/>\nSiedzib\u0105 Fundacji jest miasto Skar\u017cysko &#8211; Kamienna.<br \/>\n\u00a7 5<br \/>\nFundacja prowadzi dzia\u0142alno\u015b\u0107 na terenie Rzeczypospolitej Polskiej, jak r\u00f3wnie\u017c poza granicami &#8211; z zachowaniem obowi\u0105zuj\u0105cych przepis\u00f3w prawa.<br \/>\n\u00a7 6<br \/>\nNadz\u00f3r nad dzia\u0142alno\u015bci\u0105 Fundacji sprawuje Minister Edukacji Narodowej.<br \/>\n\u00a7 7<br \/>\nFundatorami s\u0105:<br \/>\n1. Andrzejewski Tadeusz Antoni<br \/>\n2. Ba\u0142chanowski Tadeusz Stanis\u0142aw<br \/>\n3. Banaszczyk Jacek<br \/>\n4. B\u0119tkowski Andrzej Krzysztof<br \/>\n5. Bilska Barbara<br \/>\n6. Borowiec Janusz<br \/>\n7. Celski Zbigniew Stanis\u0142aw<br \/>\n8. Chrz\u0119szczyk Zofia<br \/>\n9. Ciosk Cezary Adam<br \/>\n10. Czekaj-Ko\u0142omijcew Wies\u0142awa Zofia<br \/>\n11. Foch W\u0142odzimierz, Lipowe Pole 64a<br \/>\n12. Garbala Jolanta Helena<br \/>\n13. Garbala Maciej<br \/>\n14. G\u0142owacki Stanis\u0142aw Zygmunt<br \/>\n15. Grzmil Magdalena Maria<br \/>\n16. Janiec Jan<br \/>\n17. Je\u017cyk Jacek<br \/>\n18. Karpi\u0144ska Halina<br \/>\n19. Klimek El\u017cbieta<br \/>\n20. Komar Barbara Danuta<br \/>\n21. Komo\u0144 Jan Czes\u0142aw<br \/>\n22. Krakowiak Ryszard<br \/>\n23. Krawczyk Helena<br \/>\n24. Ku\u017ania W\u0142adys\u0142awa<br \/>\n25. Kwiatkowski Krzysztof Jerzy<br \/>\n26. Langer Lubos\u0142aw<br \/>\n27. Langer Maria Jadwiga<br \/>\n28. Lech Alicja Urszula<br \/>\n29. Lewandowski January Maria<br \/>\n30. Lewandowski Piotr W\u0142adys\u0142aw<br \/>\n31. Magiera Stanis\u0142aw J\u00f3zef<br \/>\n32. M\u0142odawski Adam<br \/>\n33. Midura Lech Andrzej<br \/>\n34. Ok\u0142a Micha\u0142<br \/>\n35. Pendrys Lucyna<br \/>\n36. Piasta\u2013Kasiak Bo\u017cena Maria<br \/>\n37. Poche\u0107 W\u0142adys\u0142aw<br \/>\n38. Przygoda Piotr Krzysztof<br \/>\n39. Rdzanek Zofia<br \/>\n40. Rokita El\u017cbieta Teresa<br \/>\n41. Sinkiewicz Aleksander<br \/>\n42. Skorupska El\u017cbieta<br \/>\n43. \u015alusarczyk Andrzej<br \/>\n44. Urban \u0141ukasz Andrzej<br \/>\n45. Wojcieszek Roman Jaros\u0142aw<br \/>\n46. Zalega Piotr Micha\u0142<br \/>\n47. Zi\u00f3\u0142kowski Stanis\u0142aw Czes\u0142aw<br \/>\n48. \u017bmijewski Jerzy<br \/>\n49. Oracz Marian Zdzis\u0142aw<br \/>\n\u00a7 8<br \/>\nFundacja mo\u017ce ustanawia\u0107 odznaki i medale honorowe i przyznawa\u0107 je wraz z innymi nagrodami i wyr\u00f3\u017cnieniami osobom fizycznym i prawnym zas\u0142u\u017conym dla Fundacji.<br \/>\n<strong>Rozdzia\u0142 II<\/strong><br \/>\n<strong>Cele i zasady dzia\u0142ania Fundacji<\/strong><br \/>\n\u00a7 9<br \/>\n1. Niesienie wszechstronnej pomocy m\u0142odzie\u017cy z powiatu skar\u017cyskiego lub spoza powiatu ucz\u0119szczaj\u0105cej do szk\u00f3\u0142 na terenie powiatu skar\u017cyskiego, szczeg\u00f3lnie uzdolnionej i osi\u0105gaj\u0105cej znacz\u0105ce efekty w r\u00f3\u017cnych dziedzinach: naukowej, artystycznej, literackiej, sportowej.<br \/>\n2. Wspieranie i promowanie dzia\u0142alno\u015bci artystycznej, kulturalnej, sportowej, naukowej szkolnych k\u00f3\u0142 i zespo\u0142\u00f3w a tak\u017ce zespo\u0142\u00f3w amatorskich, tw\u00f3rc\u00f3w ludowych.<br \/>\n3. Wspieranie i promowanie wszelkich inicjatyw lokalnych o charakterze ponadgminnym w zakresie dzia\u0142alno\u015bci edukacyjnej, artystycznej, kulturalnej a tak\u017ce wydawniczej zwi\u0105zanej z histori\u0105 i tradycj\u0105 Regionu \u015awi\u0119tokrzyskiego.<br \/>\n\u00a7 10<br \/>\nFundacja realizuje swoje cele przez:<br \/>\n1. Udzielanie pomocy materialnej w postaci stypendi\u00f3w, \u015bwiadcze\u0144 materialnych niezb\u0119dnych do kszta\u0142cenia i rozwoju uzdolnie\u0144 oraz nagr\u00f3d za wybitne osi\u0105gni\u0119cia w dzia\u0142alno\u015bci naukowej, artystycznej, kulturalnej i sportowej.<br \/>\n2. Udzielanie materialnego wsparcia osobom, instytucjom i organizacjom prowadz\u0105cym dzia\u0142alno\u015b\u0107 zbie\u017cn\u0105 z celami Fundacji.<br \/>\n3. Organizowanie i finansowanie:<br \/>\na) wystaw artystycznych, konkurs\u00f3w i festiwali tw\u00f3rczo\u015bci m\u0142odzie\u017cowej, ludowej i innej,<br \/>\nb) konferencji, seminari\u00f3w i targ\u00f3w sztuki m\u0142odzie\u017cowej i ludowej,<br \/>\nc) zawod\u00f3w sportowych i imprez kulturalno \u2013 rekreacyjnych.<br \/>\n4. Prowadzenie dzia\u0142alno\u015bci propagatorskiej, informacyjnej i wystawienniczej w zakresie tw\u00f3rczo\u015bci artystycznej i naukowej.<br \/>\n5. Wsp\u00f3\u0142praca z instytucjami pa\u0144stwowymi i samorz\u0105dowymi w zakresie obj\u0119tym celami Fundacji oraz organizacjami i osobami wykazuj\u0105cymi zainteresowanie celami Fundacji.<br \/>\n\u00a7 11<br \/>\nDla osi\u0105gni\u0119cia swoich cel\u00f3w Fundacja mo\u017ce wspiera\u0107 dzia\u0142alno\u015b\u0107 innych os\u00f3b prawnych oraz os\u00f3b fizycznych prowadz\u0105cych dzia\u0142alno\u015b\u0107 zbie\u017cn\u0105 z celami Fundacji.<br \/>\n<strong>Rozdzia\u0142 III<\/strong><br \/>\n<strong>Maj\u0105tek i dochody Fundacji<\/strong><br \/>\n\u00a7 12<br \/>\nMaj\u0105tek Fundacji stanowi fundusz za\u0142o\u017cycielski w kwocie 4.250 z\u0142 wniesionej przez Fundator\u00f3w oraz \u015brodki finansowe, ruchomo\u015bci i nieruchomo\u015bci nabyte przez Fundacj\u0119 w toku jej dzia\u0142ania.<br \/>\n\u00a7 13<br \/>\nDochodami Fundacji s\u0105:<br \/>\n1. Odsetki od wk\u0142ad\u00f3w na rachunkach bankowych.<br \/>\n2. Dochody ze zbi\u00f3rek i imprez publicznych.<br \/>\n3. Dotacje, subwencje, darowizny, spadki i zapisy otrzymane z terenu Rzeczypospolitej Polskiej jak i z zagranicy.<br \/>\n4. Dochody z nieruchomo\u015bci i praw maj\u0105tkowych.<br \/>\n\u00a7 14<br \/>\nDochody pochodz\u0105ce z dotacji, darowizn, spadk\u00f3w i zapis\u00f3w mog\u0105 by\u0107 u\u017cyte na realizacj\u0119 wszystkich cel\u00f3w Fundacji, je\u017celi ofiarodawcy nie postanowili inaczej.<br \/>\n\u00a7 15<br \/>\n1. Maj\u0105tek Fundacji przeznaczony jest na realizacj\u0119 statutowych cel\u00f3w Fundacji, s\u0142u\u017cy on tak\u017ce &#8211; z zastrze\u017ceniem ust. 2 &#8211; na pokrycie koszt\u00f3w jej utrzymania.<br \/>\n2. Dotacje, darowizny, spadki i zapisy przeznaczone b\u0119d\u0105 na cele wymienione w ust.1, chyba \u017ce ofiarodawcy okre\u015blili konkretny cel, na jaki maj\u0105 by\u0107 one zu\u017cyte.<br \/>\n\u00a7 16<br \/>\nZa podj\u0119te przez siebie zobowi\u0105zania Fundacja odpowiada ca\u0142ym swoim maj\u0105tkiem.<br \/>\n\u00a7 17<br \/>\n1. Umowy, pe\u0142nomocnictwa oraz wszelkie o\u015bwiadczenia woli, kt\u00f3re poci\u0105gaj\u0105 za sob\u0105 zobowi\u0105zania pieni\u0119\u017cne lub zmiany w maj\u0105tku Fundacji wymagaj\u0105 dla swej wa\u017cno\u015bci podpisania przez Prezesa Zarz\u0105du lub innego upowa\u017cnionego cz\u0142onka kierownictwa Zarz\u0105du oraz Skarbnika.<br \/>\n2. Zbycie trwa\u0142ych sk\u0142adnik\u00f3w maj\u0105tku Fundacji mo\u017ce nast\u0105pi\u0107 tylko w przypadkach ekonomicznie uzasadnionych, po uprzednim zasi\u0119gni\u0119ciu opinii Rady Nadzorczej Fundacji.<br \/>\n\u00a7 17 a<br \/>\n1. Fundacja nie mo\u017ce udziela\u0107 po\u017cyczek ani zabezpiecza\u0107 swoim maj\u0105tkiem zobowi\u0105za\u0144 w stosunku do cz\u0142onk\u00f3w w\u0142adz Fundacji, jej pracownik\u00f3w oraz os\u00f3b, z kt\u00f3rymi pracownicy lub cz\u0142onkowie w\u0142adz pozostaj\u0105 w zwi\u0105zku ma\u0142\u017ce\u0144skim albo stosunku pokrewie\u0144stwa lub powinowactwa w linii prostej, pokrewie\u0144stwa lub powinowactwa w linii bocznej do drugiego stopnia albo s\u0105 zwi\u0105zani z tytu\u0142u przysposobienia, opieki, kurateli (zwanych dalej \u201eosobami bliskimi\u201d).<br \/>\n2. Maj\u0105tek Fundacji nie mo\u017ce by\u0107 przekazywany na rzecz cz\u0142onk\u00f3w w\u0142adz Fundacji ani jej pracownik\u00f3w oraz ich os\u00f3b bliskich, na zasadach innych ni\u017c w stosunku do os\u00f3b trzecich, w szczeg\u00f3lno\u015bci nie mo\u017ce by\u0107 przekazywany bezp\u0142atnie lub na warunkach preferencyjnych.<br \/>\n3. Maj\u0105tek Fundacji nie mo\u017ce by\u0107 wykorzystywany na rzecz cz\u0142onk\u00f3w w\u0142adz Fundacji lub pracownik\u00f3w oraz ich os\u00f3b bliskich, chyba \u017ce wykorzystanie to wynika bezpo\u015brednio ze statutowego celu Fundacji.<br \/>\n4. Fundacja nie mo\u017ce dokonywa\u0107, na szczeg\u00f3lnych zasadach, zakupu towar\u00f3w lub us\u0142ug od cz\u0142onk\u00f3w w\u0142adz Fundacji, jej pracownik\u00f3w lub ich os\u00f3b bliskich, b\u0105d\u017a podmiot\u00f3w, w kt\u00f3rych uczestnicz\u0105 cz\u0142onkowie w\u0142adz Fundacji, jej pracownicy lub ich osoby bliskie.<br \/>\n<strong>Rozdzia\u0142 IV<\/strong><br \/>\n<strong>Organy Fundacji<\/strong><br \/>\n\u00a7 18<br \/>\nOrganami Fundacji s\u0105:<br \/>\n1. Rada Nadzorcza Fundacji,<br \/>\n2. Zarz\u0105d Fundacji.<br \/>\n\u00a7 19<br \/>\n1. Cz\u0142onkowie Rady Nadzorczej Fundacji i Zarz\u0105du Fundacji nie pobieraj\u0105 wynagrodzenia za udzia\u0142 w pracach tych organ\u00f3w, mog\u0105 jednak w uzasadnionych przypadkach domaga\u0107 si\u0119 zwrotu wydatk\u00f3w poniesionych w zwi\u0105zku z t\u0105 dzia\u0142alno\u015bci\u0105.<br \/>\n2. Nie mo\u017cna \u0142\u0105czy\u0107 funkcji cz\u0142onka Rady Nadzorczej Fundacji z pe\u0142nieniem funkcji cz\u0142onka Zarz\u0105du Fundacji lub pozostawaniem w stosunku pracy z Fundacj\u0105. Nadto cz\u0142onkiem Rady Nadzorczej Fundacji nie mog\u0105 by\u0107 osoby pozostaj\u0105ce w stosunku pokrewie\u0144stwa, powinowactwa, ma\u0142\u017ce\u0144stwa, przysposobienia lub podleg\u0142o\u015bci z tytu\u0142u zatrudnienia wobec cz\u0142onka Zarz\u0105du Fundacji.<br \/>\n3. Cz\u0142onkiem organu Fundacji nie mo\u017ce by\u0107 osoba skazana prawomocnym wyrokiem za przest\u0119pstwo pope\u0142nione z winy umy\u015blnej.<br \/>\n4. Z wyj\u0105tkiem uregulowania zawartego w \u00a7 29 ppkt.h wymagaj\u0105cego bezwzgl\u0119dnej wi\u0119kszo\u015bci g\u0142os\u00f3w oraz uregulowa\u0144 zawartych w \u00a7 32, \u00a7 33, \u00a7 36 wymagaj\u0105cych wi\u0119kszo\u015bci 2\/3 g\u0142os\u00f3w, decyzje i uchwa\u0142y organ\u00f3w Fundacji zapadaj\u0105 zwyk\u0142\u0105 wi\u0119kszo\u015bci\u0105 g\u0142os\u00f3w przy obecno\u015bci, co najmniej po\u0142owy cz\u0142onk\u00f3w. W razie r\u00f3wnej ilo\u015bci g\u0142os\u00f3w decyduje g\u0142os Przewodnicz\u0105cego.<br \/>\n\u00a7 20<br \/>\nUchylono<br \/>\n\u00a7 21<br \/>\nUchylono<br \/>\n\u00a7 22<br \/>\nUchylono<br \/>\n\u00a7 23<br \/>\nUchylono<br \/>\n\u00a7 24<br \/>\n1. Rada Nadzorcza Fundacji sk\u0142ada si\u0119 z 5 do 7 os\u00f3b powo\u0142anych przez Zgromadzenie Fundator\u00f3w.<br \/>\n2. Powo\u0142anie cz\u0142onka Rady Nadzorczej nast\u0119puje na czas nieoznaczony.<br \/>\n3. Po zmianie organ\u00f3w Fundacji kolejnych cz\u0142onk\u00f3w Rady, w miejsce cz\u0142onk\u00f3w, kt\u00f3rzy przestali pe\u0142ni\u0107 t\u0119 funkcj\u0119 lub dla rozszerzenia sk\u0142adu Rady powo\u0142uje Rada Nadzorcza na mocy uchwa\u0142y, spo\u015br\u00f3d kandydat\u00f3w wskazanych przez cz\u0142onk\u00f3w Rady. Prawo zg\u0142oszenia kandydata przys\u0142uguje ca najmniej dw\u00f3m cz\u0142onkom Rady Nadzorczej.<br \/>\n4. Cz\u0142onkostwo w Radzie Nadzorczej wygasa z chwil\u0105 \u015bmierci, pisemnej rezygnacji z\u0142o\u017conej na r\u0119ce Rady, prawomocnego skazania za przest\u0119pstwo z winy umy\u015blnej, odwo\u0142ania. Rada nadzorcza odwo\u0142uje swojego cz\u0142onka w wyniku: s\u0105dowego pozbawienia go praw publicznych lub utraty zdolno\u015bci do czynno\u015bci prawnych. Odwo\u0142anie mo\u017ce nast\u0105pi\u0107 r\u00f3wnie\u017c w skutek zaistnienia innych okoliczno\u015bci, kt\u00f3re uniemo\u017cliwiaj\u0105 b\u0105d\u017a w znaczny spos\u00f3b utrudniaj\u0105 pe\u0142nienie funkcji przez cz\u0142onka Rady albo powoduj\u0105 utrat\u0119 zaufania w stosunku do danego cz\u0142onka Rady Nadzorczej.<br \/>\n5. Przewodnicz\u0105cego Rady Nadzorczej, jego zast\u0119pc\u0119 oraz Sekretarza wybiera i odwo\u0142uje Rada spo\u015br\u00f3d swoich cz\u0142onk\u00f3w.<br \/>\n\u00a7 25<br \/>\n1. Rada Nadzorcza jest organem kontrolnym i opiniodawczym Fundacji.<br \/>\n2. Do zakresu dzia\u0142ania i kompetencji Rady Nadzorczej nale\u017cy:<br \/>\na) uchwalanie zmian statutu Fundacji,<br \/>\nb) powo\u0142ywanie i odwo\u0142ywanie swoich cz\u0142onk\u00f3w,<br \/>\nc) powo\u0142ywanie i odwo\u0142ywanie cz\u0142onk\u00f3w Zarz\u0105du,<br \/>\nd) wytyczanie g\u0142\u00f3wnych i bie\u017c\u0105cych kierunk\u00f3w dzia\u0142ania Fundacji i nadz\u00f3r nad ich realizacj\u0105,<br \/>\ne) zajmowanie stanowiska w sprawach przed\u0142o\u017conych przez Zarz\u0105d lub podj\u0119tych z w\u0142asnej inicjatywy,<br \/>\nf) ustalanie kierunkowych wytycznych dla Zarz\u0105du, co do sposobu rozdzia\u0142u zgromadzonych \u015brodk\u00f3w,<br \/>\ng) zatwierdzanie rocznych plan\u00f3w dzia\u0142ania Fundacji i preliminarza koszt\u00f3w jej dzia\u0142alno\u015bci,<br \/>\nh) nadz\u00f3r nad dzia\u0142alno\u015bci\u0105 Zarz\u0105du Fundacji i uchwalanie regulaminu dzia\u0142ania Zarz\u0105du,<br \/>\ni) podejmowanie uchwa\u0142 o nabyciu lub zbyciu nieruchomo\u015bci, jak r\u00f3wnie\u017c o rozporz\u0105dzaniu maj\u0105tkiem Fundacji o warto\u015bci przekraczaj\u0105cej 50% masy maj\u0105tkowej,<br \/>\nj) rozpatrywanie i zatwierdzanie sprawozda\u0144 Zarz\u0105du i udzielanie Zarz\u0105dowi absolutorium,<br \/>\nk) podejmowanie uchwa\u0142 o po\u0142\u0105czeniu lub likwidacji Fundacji.<br \/>\n\u00a7 26<br \/>\n1. Posiedzenia Rady Nadzorczej zwo\u0142uje jej Przewodnicz\u0105cy z w\u0142asnej inicjatywy, na wniosek Zarz\u0105du lub na wniosek 2\/3 cz\u0142onk\u00f3w Rady zg\u0142oszony Przewodnicz\u0105cemu na pi\u015bmie.<br \/>\n1a. Posiedzenia prowadzi Przewodnicz\u0105cy Rady lub z jego upowa\u017cnienia Zast\u0119pca Przewodnicz\u0105cego albo inna osoba wskazana przez Przewodnicz\u0105cego.<br \/>\n2. Posiedzenia Rady Nadzorczej Fundacji odbywaj\u0105 si\u0119 co najmniej 2 razy w roku, o ile nie zachodzi potrzeba cz\u0119stszego ich zwo\u0142ywania.<br \/>\n3. W posiedzeniach Rady Nadzorczej Fundacji bierze udzia\u0142 Prezes Zarz\u0105du Fundacji, b\u0105d\u017a inny upowa\u017cniony przez niego cz\u0142onek Zarz\u0105du. Przewodnicz\u0105cy z w\u0142asnej inicjatywy lub na wniosek Rady mo\u017ce nakaza\u0107 stawiennictwo wszystkich cz\u0142onk\u00f3w Zarz\u0105du.<br \/>\n4. Uchwa\u0142y Rady Nadzorczej Fundacji zapadaj\u0105 zwyk\u0142\u0105 wi\u0119kszo\u015bci\u0105 g\u0142os\u00f3w w g\u0142osowaniu jawnym, przy obecno\u015bci co najmniej po\u0142owy cz\u0142onk\u00f3w Rady. Konieczna jest obecno\u015b\u0107 Przewodnicz\u0105cego Rady lub jego zast\u0119pcy. Bezwzgl\u0119dnej wi\u0119kszo\u015bci g\u0142os\u00f3w wymaga jedynie odwo\u0142anie cz\u0142onka Rady Nadzorczej, Zarz\u0105du lub poszczeg\u00f3lnych jego cz\u0142onk\u00f3w.<br \/>\n5. Na wniosek cz\u0142onka Rady zarz\u0105dza si\u0119 g\u0142osowanie tajne.<br \/>\n\u00a7 26 a<br \/>\nW celu wykonania swych zada\u0144 Rada Nadzorcza Fundacji jest upowa\u017cniona do rewizji maj\u0105tku Fundacji oraz jej kontroli finansowej. Ka\u017cdy cz\u0142onek Rady Nadzorczej ma prawo wgl\u0105du do ca\u0142o\u015bci dokumentacji Fundacji oraz \u017c\u0105dania udzielenia wyja\u015bnie\u0144 od poszczeg\u00f3lnych cz\u0142onk\u00f3w Zarz\u0105du.<br \/>\n\u00a7 27<br \/>\n1. Zarz\u0105d Fundacji sk\u0142ada si\u0119 od 9 do 13 os\u00f3b, w tym prezesa i wiceprezesa, skarbnika i sekretarza.<br \/>\n2. Prezesa Zarz\u0105du oraz pozosta\u0142ych cz\u0142onk\u00f3w Zarz\u0105du powo\u0142uje Rada Nadzorcza Fundacji na okres 4 lat.<br \/>\n3. Cz\u0142onkowie Zarz\u0105du pe\u0142ni\u0105 swoje funkcje spo\u0142ecznie, traktuj\u0105c t\u0119 prac\u0119 jako wk\u0142ad na rzecz Fundacji.<br \/>\n4. Prezes Zarz\u0105du zwo\u0142uje i przewodniczy posiedzeniom Zarz\u0105du oraz ustanawia pe\u0142nomocnik\u00f3w do dokonywania okre\u015blonych czynno\u015bci.<br \/>\n5. Cz\u0142onkostwo w Zarz\u0105dzie wygasa z chwil\u0105 \u015bmierci, pisemnej rezygnacji z\u0142o\u017conej na r\u0119ce Przewodnicz\u0105cego Rady Nadzorczej, prawomocnego skazania za przest\u0119pstwo z winy umy\u015blnej, odwo\u0142ania. Rada Nadzorcza odwo\u0142uje cz\u0142onka Zarz\u0105du w wyniku: s\u0105dowego pozbawienia go praw publicznych lub utraty zdolno\u015bci do czynno\u015bci prawnych. Odwo\u0142anie mo\u017ce nast\u0105pi\u0107 r\u00f3wnie\u017c w skutek zaistnienia innych okoliczno\u015bci, kt\u00f3re uniemo\u017cliwiaj\u0105 b\u0105d\u017a w znaczny spos\u00f3b utrudniaj\u0105 pe\u0142nienie funkcji przez cz\u0142onka Zarz\u0105du albo powoduj\u0105 utrat\u0119 zaufania w stosunku do danego cz\u0142onka Zarz\u0105du.<br \/>\n\u00a7 28<br \/>\n1. Zarz\u0105d kieruje dzia\u0142alno\u015bci\u0105 Fundacji i reprezentuje j\u0105 na zewn\u0105trz.<br \/>\n2. Zarz\u0105d dzia\u0142a wg regulaminu uchwalonego przez rad\u0119 Nadzorcz\u0105 Fundacji.<br \/>\n\u00a7 29<br \/>\nDo zakresu dzia\u0142ania i kompetencji Zarz\u0105du nale\u017cy w szczeg\u00f3lno\u015bci:<br \/>\na) reprezentacja Fundacji na zewn\u0105trz,<br \/>\nb) opracowywanie rocznych i wieloletnich plan\u00f3w jej dzia\u0142ania,<br \/>\nc) sporz\u0105dzanie sprawozdania z dzia\u0142alno\u015bci Fundacji,<br \/>\nd) sprawowanie zarz\u0105du jej maj\u0105tkiem,<br \/>\ne) przyjmowanie subwencji, darowizn, spadk\u00f3w i zapis\u00f3w,<br \/>\nf) kierowanie bie\u017c\u0105c\u0105 dzia\u0142alno\u015bci\u0105 Fundacji i odpowiedzialno\u015b\u0107 za realizacj\u0119 jej cel\u00f3w statutowych oraz wyniki dzia\u0142alno\u015bci finansowo \u2013 gospodarczej,<br \/>\ng) podejmowanie decyzji o przyst\u0105pieniu do sp\u00f3\u0142ek,<br \/>\nh) wyst\u0119powanie z wnioskiem w sprawie zmian w Statucie, po\u0142\u0105czenia oraz likwidacji Fundacji,<br \/>\ni) wyst\u0119powanie z wnioskiem o odwo\u0142anie cz\u0142onka Zarz\u0105du.<br \/>\n\u00a7 30<br \/>\nO\u015bwiadczenie woli w imieniu Fundacji sk\u0142adaj\u0105 \u0142\u0105cznie dwaj cz\u0142onkowie Zarz\u0105du, w tym prezes lub wiceprezes Fundacji.<br \/>\n\u00a7 31<br \/>\n1. Posiedzenia Zarz\u0105du odbywaj\u0105 si\u0119 w miar\u0119 potrzeb, nie rzadziej jednak ni\u017c raz w miesi\u0105cu. O terminie i porz\u0105dku dziennym ka\u017cdego posiedzenia Zarz\u0105d informuje Przewodnicz\u0105cego Rady Nadzorczej Fundacji.<br \/>\n2. Zarz\u0105d podejmuje uchwa\u0142y zwyk\u0142\u0105 wi\u0119kszo\u015bci\u0105 g\u0142os\u00f3w, przy czym do wa\u017cno\u015bci uchwa\u0142 wymagana jest obecno\u015b\u0107 co najmniej po\u0142owy jego cz\u0142onk\u00f3w, w tym Prezesa lub Wiceprezesa Zarz\u0105du.<br \/>\n<strong>Rozdzia\u0142 V<\/strong><br \/>\n<strong>Zmiana Statutu i celu Fundacji oraz po\u0142\u0105czenie i likwidacja Fundacji<\/strong><br \/>\n\u00a7 32<br \/>\nZmiany Statutu i celu Fundacji dokonywane s\u0105 przez Rad\u0119 Nadzorcz\u0105 Fundacji na wniosek Zarz\u0105du. Podj\u0119cie uchwa\u0142y w sprawie zmiany Statutu lub celu Fundacji wymaga 2\/3 g\u0142os\u00f3w przy obecno\u015bci co najmniej 2\/3 cz\u0142onk\u00f3w Rady Nadzorczej.<br \/>\n\u00a7 33<br \/>\n1. Fundacja mo\u017ce po\u0142\u0105czy\u0107 si\u0119 z inn\u0105 fundacj\u0105 o zbie\u017cnych celach i na warunkach okre\u015blonych umow\u0105 o po\u0142\u0105czeniu obu fundacji.<br \/>\n2. W imieniu Fundacji umow\u0119 o po\u0142\u0105czeniu Fundacji zawiera Zarz\u0105d.<br \/>\n3. Decyzj\u0119 o po\u0142\u0105czeniu Fundacji podejmuje Rada Nadzorcza na wniosek Zarz\u0105du.<br \/>\n4. Uchwa\u0142a w sprawie po\u0142\u0105czenia Fundacji wymaga wi\u0119kszo\u015bci 2\/3 g\u0142os\u00f3w przy obecno\u015bci, co najmniej 2\/3 cz\u0142onk\u00f3w Rady Nadzorczej.<br \/>\n\u00a7 34<br \/>\nFundacja prowadzi gospodark\u0119 finansow\u0105 i ksi\u0119gowo\u015b\u0107 zgodnie z obowi\u0105zuj\u0105cymi w tym zakresie przepisami.<br \/>\n\u00a7 35<br \/>\nFundacja ulega likwidacji w razie osi\u0105gni\u0119cia cel\u00f3w, dla kt\u00f3rych zosta\u0142a powo\u0142ana, wyczerpania si\u0119 jej \u015brodk\u00f3w finansowych i maj\u0105tku lub z innych przyczyn wskazanych w uchwale Rady Nadzorczej Fundacji.<br \/>\n\u00a7 36<br \/>\n1. Decyzj\u0119 o likwidacji Fundacji podejmuje Rada Nadzorcza Fundacji na wniosek Zarz\u0105du.<br \/>\n2. Podj\u0119cie uchwa\u0142y o likwidacji Fundacji wymaga wi\u0119kszo\u015bci 2\/3 g\u0142os\u00f3w przy obecno\u015bci co najmniej 2\/3 cz\u0142onk\u00f3w Rady Nadzorczej.<br \/>\n3. Likwidacj\u0119 Fundacji prowadzi likwidator wyznaczony przez Rad\u0119 Nadzorcz\u0105 Fundacji.<br \/>\n\u00a7 37<br \/>\nMaj\u0105tek Fundacji pozosta\u0142y po zako\u0144czeniu likwidacji przekazany b\u0119dzie na cele wskazane w uchwale Rady Nadzorczej.<br \/>\n<strong>Rozdzia\u0142 VI<\/strong><br \/>\n<strong>Postanowienia ko\u0144cowe<\/strong><br \/>\n\u00a7 38<br \/>\nFundacja sk\u0142ada w\u0142a\u015bciwemu ministrowi corocznie do 31 marca sprawozdanie ze swej dzia\u0142alno\u015bci za rok ubieg\u0142y.<br \/>\n\u00a7 39<br \/>\nStatut wchodzi w \u017cycie z dniem zarejestrowania w Krajowym Rejestrze S\u0105dowym.<\/p>\n<p>Numer KRS: 0000015435<\/p>\n","protected":false},"excerpt":{"rendered":"<p>STATUT FUNDACJI \u201eDAJ SZANS\u0118\u201d w Skar\u017cysku &#8211; Kamiennej Rozdzia\u0142 I Postanowienia og\u00f3lne \u00a7 1 Fundacja \u201eDAJ SZANS\u0118\u201d zwana w dalszej cz\u0119\u015bci statutu \u201eFUNDACJ\u0104\u201d ustanowiona zosta\u0142a aktem notarialnym Rep A nr 7794\/1999 z dnia 30 grudnia 1999 r. w Kancelarii Notarialnej w Skar\u017cysku &#8211; Kamiennej. Fundacja dzia\u0142a w oparciu o przepisy ustawy z dnia 6 kwietnia [&hellip;]<\/p>\n","protected":false},"author":1,"featured_media":0,"parent":2,"menu_order":3,"comment_status":"open","ping_status":"open","template":"","meta":[],"_links":{"self":[{"href":"https:\/\/daj-szanse.eu\/index.php?rest_route=\/wp\/v2\/pages\/117"}],"collection":[{"href":"https:\/\/daj-szanse.eu\/index.php?rest_route=\/wp\/v2\/pages"}],"about":[{"href":"https:\/\/daj-szanse.eu\/index.php?rest_route=\/wp\/v2\/types\/page"}],"author":[{"embeddable":true,"href":"https:\/\/daj-szanse.eu\/index.php?rest_route=\/wp\/v2\/users\/1"}],"replies":[{"embeddable":true,"href":"https:\/\/daj-szanse.eu\/index.php?rest_route=%2Fwp%2Fv2%2Fcomments&post=117"}],"version-history":[{"count":6,"href":"https:\/\/daj-szanse.eu\/index.php?rest_route=\/wp\/v2\/pages\/117\/revisions"}],"predecessor-version":[{"id":2367,"href":"https:\/\/daj-szanse.eu\/index.php?rest_route=\/wp\/v2\/pages\/117\/revisions\/2367"}],"up":[{"embeddable":true,"href":"https:\/\/daj-szanse.eu\/index.php?rest_route=\/wp\/v2\/pages\/2"}],"wp:attachment":[{"href":"https:\/\/daj-szanse.eu\/index.php?rest_route=%2Fwp%2Fv2%2Fmedia&parent=117"}],"curies":[{"name":"wp","href":"https:\/\/api.w.org\/{rel}","templated":true}]}}